nder when f is divided by 5?
2
Suppose 0*v = 4*w + v - 138, 3*w + 3*v = 108. Calculate the remainder when w is divided by (-3)/5 + 48/5.
7
Suppose 33*s + 33 = 36*s. What is the remainder when 41 is divided by s?
8
Let b(h) be the second derivative of h**5/20 + h**4/6 - 2*h**3/3 + h. Let d be (3/4)/((-6)/24). Calculate the remainder when 7 is divided by b(d).
1
Let q = 57 - 35. Let w(r) = -12*r + 3. What is the remainder when w(-5) is divided by q?
19
What is the remainder when (18/15)/((-4)/(-190)) is divided by 29?
28
Let m = 46 + -37. Calculate the remainder when 24 is divided by m.
6
Let l = 26 + -24. What is the remainder when 40 is divided by l/(-10) - 228/(-15)?
10
Let h(a) = a - 5. Let i be h(5). Suppose -x + 2*x - 27 = i. What is the remainder when x is divided by 10?
7
Suppose 2*n - 124 = -5*q - 37, 73 = 4*q + 5*n. Suppose -12 - 15 = -3*v. What is the remainder when q is divided by v?
8
Suppose -11*n = -15*n + 12. Calculate the remainder when (-1)/(((-1)/3)/1) is divided by n.
0
Let b(v) = 2*v**2 - 7*v + 7. Calculate the remainder when -2*((-153)/6 - 1) is divided by b(4).
9
Let f = -13 - -23. Suppose -q + 2*d + 13 = 0, -3*q + 5*d + 34 = -f. What is the remainder when q is divided by 8?
7
Let b = 4 + -16. Let u = b + 25. Calculate the remainder when 25 is divided by u.
12
Suppose 0 = -5*i + 163 + 272. Let b(p) = -p**3 + 6*p**2 + 5*p - 8. What is the remainder when i is divided by b(6)?
21
Let b(j) = 5*j - 3. What is the remainder when 20 is divided by b(3)?
8
Suppose -14*r + 9*r = -375. What is the remainder when r is divided by 16?
11
Suppose 4*k - 84 = -0*k. Suppose -3*n + 2*n = -k. What is the remainder when n is divided by 11?
10
Suppose 3*f = 3*k + 60, -f - f - 2*k = -36. Calculate the remainder when 94 is divided by f.
18
Calculate the remainder when 9 is divided by (6 + -2)*(-2 + 3).
1
Let y(h) = -h**3 + h**2 - 5. What is the remainder when y(-3) is divided by 8?
7
Suppose -4*b + 5*b - 4*n + 1 = 0, 0 = b + 4*n - 7. Suppose 4 = 3*w - w, -b*f - 3*w + 66 = 0. Calculate the remainder when f is divided by (44/6)/(2/3).
9
Suppose 5 = 5*r + 5*d - 35, -5*r - d = -36. Suppose -3*u + r*u = 12. Calculate the remainder when 6 is divided by u.
0
Suppose 5*y - 2*r = -0*y + 10, 2*y - 4*r = 20. Suppose -l + 10 + 6 = y. Calculate the remainder when l is divided by 9.
7
Let j be (-12)/16*-8*1. Let x = j - -12. Let d(r) = 2*r**2 + 2*r - 8. Calculate the remainder when d(5) is divided by x.
16
Let z = 15 - 9. Suppose y = -y - 48. Let b = -14 - y. Calculate the remainder when b is divided by z.
4
Let q be 0*(15/(-6))/(-5). Calculate the remainder when 53 is divided by q - (-3 + -14 + -1).
17
Let p = 1 + 3. Suppose -3*f - 4*o + 20 = 0, -p*f - 5*o + 21 = -7. Calculate the remainder when 32 is divided by f.
8
Suppose 4*x - 80 = -0*x. Suppose 0 = r - 4 - 1. Suppose -4*f + 5*p + 38 = 0, -r*p + 3*p - 39 = -5*f. Calculate the remainder when x is divided by f.
6
Suppose -3*a - 8 = -a. Let m(w) = -w**2 + 10*w - 6. What is the remainder when (19/(-2))/(2/a) is divided by m(8)?
9
Suppose -2*c + z = -108, -4*z + 145 = 4*c - 47. Calculate the remainder when c is divided by 20.
12
Suppose 24*u + 672 = 40*u. Calculate the remainder when u is divided by 0/(-2) + 3*5.
12
Let j(q) = -q**2 + 3*q + 11. Calculate the remainder when 4 is divided by j(5).
0
Let c = -3 - -7. What is the remainder when -1*(-2)/4*12 is divided by c?
2
Let q = -34 + 69. Suppose 4*x + 2 + 70 = 5*i, -5*x + 21 = 3*i. What is the remainder when q is divided by i?
11
Let i(q) = -q**2 + 6*q - 4. Let y be i(5). Let j(s) = -8 + 0 - s**2 + y - 8*s. What is the remainder when 8 is divided by j(-6)?
3
Let q = -6 + 10. Let n(u) = -u**3 - 8*u**2 + 3*u + 5. Let x be n(-8). Let z = -9 - x. What is the remainder when z is divided by q?
2
Suppose -4*d + 76 = -32. Calculate the remainder when d is divided by 3/(-3*6/(-84)).
13
Let t = 175 - 160. Calculate the remainder when 72 is divided by t.
12
Let p(y) = 3*y**2 - 11*y + 4. What is the remainder when p(7) is divided by 25?
24
Suppose a = -2*h - 11, 2*a - 8 = 2*h - 0*h. Let l be -69*(1 - a)/6. Let k = l + 33. What is the remainder when 28 is divided by k?
8
Suppose 0 = 19*a - 16*a - 141. What is the remainder when a is divided by (-185)/(-11) + 2/11?
13
Let x(v) = v**2 + 9*v - 4. Let d be x(-9). Let t = d - -27. What is the remainder when t is divided by -4*2/4*-3?
5
Suppose -2*g - 3*g + 95 = 0. Let q = 34 - g. Let s = -8 + q. Calculate the remainder when s is divided by 3.
1
Let x = -3 + 12. What is the remainder when x is divided by 7 - 3*1/3?
3
Suppose 0 = -5*b - 2*k + 50, -8 + 9 = -2*b - 5*k. Let q = 105 - 60. Calculate the remainder when q is divided by b.
9
Suppose 0 = -2*d - 3*d + 70. Calculate the remainder when d is divided by 5.
4
Suppose -4*h = -9*h - 135. Let y = 16 - h. Calculate the remainder when y is divided by 22.
21
Let l be (-1 - 4)*6/15. Let s = l + 3. Suppose s = -4*n - 3*h, 0 = -3*n - 0*h + 2*h + 12. Calculate the remainder when 2 is divided by n.
0
Suppose 3*a - 7*a - 2*m - 22 = 0, -4*a = -2*m + 18. Let l = a + 8. What is the remainder when (-41)/(-5) + 6/(-30) is divided by l?
2
What is the remainder when 17 is divided by (-2)/(-13) - 126/(-26)?
2
Let y = 46 + -11. What is the remainder when 207 is divided by y?
32
Suppose -5*p = -3*l - 272, -4*p - l + 148 = -56. Suppose v = 2*o + 8, 0*v + 2*v + o = 26. Let f = p - v. What is the remainder when f is divided by 21?
19
Suppose -2*l + 11 = -l. Suppose 5*x + 0*x = 0. Suppose x = -f + 13 + 7. What is the remainder when f is divided by l?
9
Let n(w) = -w**2 + 9*w + 10. Suppose 4*j + 54 = 2*j. Let k = 40 + j. What is the remainder when n(7) is divided by k?
11
Let x(l) be the first derivative of l**4/4 + 4*l**3/3 - 7*l**2/2 - 2*l - 2. Suppose 4*b + 10 = 94. What is the remainder when b is divided by x(-5)?
5
Let t(j) = j**3 + 11*j**2 - 14*j - 13. Let g(v) = 15*v + 1. Calculate the remainder when g(2) is divided by t(-12).
9
Suppose 74 + 10 = 3*s. What is the remainder when 81 is divided by s?
25
Let u = 15 - -20. What is the remainder when 137 is divided by u?
32
Let h be ((-40)/(-2) - 1)*1. Let l be 3/6 - (-9)/6. Suppose h = l*x - 7. What is the remainder when x is divided by 5?
3
Suppose 0 = -2*t - t + 12. Suppose t*s - 7 - 33 = 0. Suppose -v = -4*r - 2, 2*v + 0*v - 2*r - 28 = 0. Calculate the remainder when v is divided by s.
8
Let w(s) = s**2 - 10*s + 7. Let q be w(9). Let i be q/(-18)*3*0. Suppose j = 34 - i. Calculate the remainder when j is divided by 18.
16
Suppose -s + 7 = 5. Calculate the remainder when 3 is divided by s.
1
Suppose 2*n + 2 = -4*m, 0 = -5*m + 2*m - n. Suppose -s = -5*t + m, 0*t - 8 = -4*t. Suppose 28 = 4*q - 36. Calculate the remainder when q is divided by s.
7
Suppose -2*g - 4*r = 24, -5*g - 3*r + r - 92 = 0. Let p = 18 - g. Calculate the remainder when p is divided by 59/3 + (-8)/(-24).
18
Suppose 4*y - 115 - 317 = 0. What is the remainder when y is divided by 37?
34
What is the remainder when ((-105)/6)/((-1)/2) is divided by 18?
17
Let z = -14 - -16. Let f(t) = 2*t**2 - 2*t + 3. Calculate the remainder when 18 is divided by f(z).
4
Let s be (-39)/18 - 1/(-6). What is the remainder when 2/(-5) + (-127)/(-5) is divided by 13/(-1 - s)*1?
12
Suppose 16 = 4*u - k, -4*k + 26 = 3*u - u. Suppose -5*j + y + 70 = 0, 4*j - u*y = -j + 70. Calculate the remainder when j is divided by 4.
2
Let q(a) = -38*a**3 + 2*a**2 + 2*a + 1. Let t be q(-1). Let w = -28 + t. Calculate the remainder when 40 is divided by w.
7
Suppose -4*l - 5*w = -230, -5*l - 2*w + w = -277. Suppose -5*j + 72 = 4*o, 4*j = -0*o - 3*o + l. What is the remainder when o is divided by 5?
3
What is the remainder when 41 is divided by 15/(-3)*(-28)/10?
13
Suppose -5*w = -633 - 197. What is the remainder when w/2 + -1 + 3 is divided by 22?
19
Suppose -4*q = 5*o - 331, 2*q - 2*o = -6*o + 170. Let y be (-4)/(-4 - -6) + 8. Calculate the remainder when q is divided by (-4 - (-21)/y)*-54.
25
Let b(s) = -s**3 + 9*s**2 - 7*s - 7. Let c be (-2)/(-3) + (-22)/(-3). Let z be b(c). Calculate the remainder when 17 is divided by z*3/6*18.
8
Let k be (20/8)/(1/(-2)). Let j = k - -8. Suppose 45 = 5*v - 4*n, j*v - 36 = -v - 2*n. Calculate the remainder when 15 is divided by v.
6
Let m = -53 - -78. Calculate the remainder when 